ighest common divisor of d and 1316?
28
Let j be (-2)/4*(-7 - -7). Let l be (9 - j/(-1))/((-1)/(-11)). Calculate the greatest common factor of 11 and l.
11
Suppose -5*k + 38 + 22 = 0. Let r = 12 - k. Let d(x) = -x**3 + x**2 - x + 13. Let u be d(r). What is the highest common divisor of u and 143?
13
Let q be 2*-1 - (-150)/10. Let k = q - 7. Suppose -6 = 3*b - 6*b. What is the greatest common factor of b and k?
2
Let i be 2/(-7) - 16107/49. Let p = 175 - i. Calculate the highest common factor of p and 56.
56
Let p(t) = 2*t**2 + 23*t + 52. Let g be p(-12). Calculate the highest common factor of g and 832.
64
Suppose 1 - 21 = -4*v. Let g(u) = u**3 - u**2 - 7*u. Let l be g(5). What is the greatest common factor of v and l?
5
Suppose -2*h - 3*y - 33 = 87, 224 = -4*h - 2*y. Let o = h - -75. Calculate the greatest common factor of o and 21.
21
Let c(n) be the third derivative of n**5/60 + n**4/24 + n**3/6 + 16*n**2. Let v be c(-4). What is the greatest common divisor of v and 52?
13
Let z(k) = -k**3 + 25*k**2 + 25*k + 53. Let d be z(26). Calculate the highest common factor of 36 and d.
9
Suppose -5*d = 4*z - 33, 17 = 2*d - 3*z - 10. Calculate the highest common divisor of 6 and d.
3
Suppose 14*a - 486 = 8*a. Calculate the highest common divisor of 63 and a.
9
Let h(n) = 4*n**2 - 4. Let r be h(2). Suppose -r*p = -37 - 59. Calculate the highest common divisor of 36 and p.
4
Let x = 21 - -17. Let y = 0 + 19. What is the greatest common factor of y and x?
19
Let k(l) be the second derivative of 5*l**3/6 - 3*l**2 + 13*l. Let u be k(5). What is the highest common factor of 152 and u?
19
Let z(u) = -u**2 - 23*u - 96. Let q be z(-8). What is the greatest common factor of 60 and q?
12
Let b be (-2 - 1) + (1 - 0). Let n(m) = -4*m - 1. Let t be n(b). Suppose 2*s - s + t = 4*v, 0 = -3*s - 2*v + 21. What is the highest common factor of s and 55?
5
Let s = -308 + 321. Calculate the greatest common factor of s and 1183.
13
Suppose 7 = -2*b + 3*i, -3*b - 4*i - 5 = -3. Let f = 9 + b. Let u be f*(1 - 41/(-7)). Calculate the greatest common divisor of 32 and u.
16
Let k(j) = j**3 + 13*j**2 + 6*j - 3. Let z be k(-11). Let m = 43 + z. What is the highest common divisor of 27 and m?
27
Let n = 159 - 414. Let a = -66 - n. Let i(p) = p**2 + 7*p + 3. Let x be i(-9). Calculate the highest common divisor of a and x.
21
Let q = 36 + -5. Let w = 43 - q. Let t be (136/w)/((-4)/(-6)). What is the greatest common divisor of t and 187?
17
Let w = 203 - -40. Calculate the greatest common divisor of w and 3.
3
Let r(b) be the second derivative of 3*b**5/5 - b**4/6 + b**3/6 - b**2/2 + 14*b. Let j be r(1). Calculate the greatest common factor of j and 10.
10
Let s be (882/(-70))/((-3)/(-15)*-1). Calculate the highest common divisor of 35 and s.
7
Let l = -27 - -44. Let a = 31 + -58. Let c = 44 + a. Calculate the highest common divisor of l and c.
17
Suppose -q = 4*o - 23, o = -3*o + 4*q + 8. Let i be 3/6*(5 - o) - -21. What is the greatest common divisor of 3 and i?
3
Let o(f) = f - 10. Let j be o(10). Let m(p) = 7*p + 65. Let z be m(j). What is the greatest common divisor of 5 and z?
5
Suppose -67 = 4*u - 91. Suppose 3*x - 4 = -1. Let t be (x - 0)/(-1)*-12. What is the greatest common factor of t and u?
6
Suppose 214839 = 18*h + 55*h. What is the highest common divisor of 109 and h?
109
Let f be ((-5880)/(-100))/(6/15). What is the greatest common factor of f and 63?
21
Suppose 4*r + 4 = 8*z - 4*z, r = 3*z - 7. Suppose -20 + r = -m. Suppose -2*b = -3*a - 3*b + 18, -2*a - 2*b = -12. What is the highest common divisor of m and a?
6
Let b(u) = 6*u + 2 + u**3 + 9*u**2 + 0*u - 8. Let t be b(-8). Suppose z - 11 = t. Calculate the highest common divisor of z and 147.
21
Let o(r) = -r**3 - 9*r**2 - r - 5. Let g be o(-9). Suppose 4*v - 680 = 4*m, 0*v = 3*v + g*m - 475. What is the highest common divisor of 66 and v?
33
Let d = -15 + 12. Let h be (1 + 3 + d)*8. What is the highest common divisor of h and 4?
4
Suppose -2*j + 598 = -3*t, -3*t + 39 - 338 = -j. Calculate the highest common divisor of j and 161.
23
Suppose -7*v = -522 + 396. What is the highest common factor of v and 486?
18
Suppose -4*b + 256 = -2*r + 7*r, 4*r + 192 = 3*b. Suppose 5*t - 2*a - b = -8, 4*t = a + 43. What is the greatest common divisor of 40 and t?
10
Let y(r) = 7*r**2 - 40. Let i be y(-7). Calculate the greatest common factor of 505 and i.
101
Let y(x) = -5*x - 15. Let u = 54 - 76. Let b = -28 - u. Let m be y(b). Calculate the greatest common divisor of 60 and m.
15
Let h(c) = c**3 + 21*c**2 + 32*c + 7. Let s be h(-18). Calculate the highest common divisor of 31 and s.
31
Suppose 11 + 1 = 3*q. Suppose -4*h = 2*f - 10, -f - 4*h + q = -3*h. Calculate the highest common factor of f and 15.
3
Let w(o) = o**3 + 6*o**2 - 9*o + 10. Let g be w(-7). Let s = g + -14. What is the greatest common factor of 80 and s?
10
Suppose b = -a + 41, -2*a + 26 = b - 17. Let v = 60 - b. Suppose s - 1 + v = 4*p, 0 = s - 4. What is the highest common factor of p and 6?
6
Let x = -212 + 239. What is the greatest common factor of 18 and x?
9
Suppose r - 134 = -2*d, 2*d - 374 = -3*r + 3*d. What is the greatest common divisor of r and 84?
42
Suppose x + 14 = -5*h, -3*h - 42 = 9*x - 14*x. What is the greatest common factor of x and 717?
3
Suppose 0*x = -3*x - 2*w + 114, -3*w = 0. Let m = 48 - x. What is the greatest common factor of m and 30?
10
Let l = 0 + 5. Suppose 4 = 4*f - l*c + 15, -2*f - 2*c - 10 = 0. Let k = 14 + f. Calculate the greatest common divisor of k and 10.
10
Let i(v) = -v**3 - 9*v**2 + 9*v - 7. Let j be i(-10). Let a = -3 + 23. Suppose -88 = -4*n + a. What is the highest common divisor of n and j?
3
Let k = -2173 + 3523. What is the greatest common divisor of 100 and k?
50
Let f = -168 + 244. Calculate the greatest common factor of 836 and f.
76
Let y(t) = 2*t**2 - 17*t + 2. Let h be y(8). Let s be 156*(4/h - (0 + -2)). What is the highest common factor of 16 and s?
16
Suppose 9*l - 5*l + 4*o + 20 = 0, 2*l = -5*o - 25. Let v(p) = 2*p + 77 + 0*p - 17 - 3*p + 59. Let j be v(l). Calculate the highest common divisor of j and 17.
17
Suppose 2*t - 946 = 3*g + 2*g, 0 = -g - 2. What is the highest common factor of t and 78?
78
Let c(d) = d**3 - 9*d**2 + 33*d - 10. Let y be c(6). Calculate the greatest common factor of y and 20.
20
Suppose d - 20 = -4*d. Suppose 3*q + 20 = -2*q + d*t, -4*q + 5*t = 25. Let a be 4*3 + (q - 1). What is the highest common divisor of a and 1?
1
Let l = -78 + 137. Let k be (-16)/16*1*l. Let o = k - -101. Calculate the greatest common divisor of 28 and o.
14
Suppose 5*k - 5 - 5 = 0. Suppose -3*x + k = -7. Let q = -47 + 53. What is the greatest common divisor of q and x?
3
Suppose 221*r - 226*r = -2695. Calculate the greatest common divisor of 33 and r.
11
Suppose -205 = 12*f - 217. Calculate the highest common divisor of 2 and f.
1
Let h be (-160)/(-26) - (-8)/(-52). Suppose l - 1232 = -h*l. Calculate the highest common factor of l and 44.
44
Let s be 175/15 + (-2)/(-6). Let v(c) = 4*c**3 + 5*c**2 - 5*c + 6. Let p be v(2). Calculate the greatest common factor of p and s.
12
Let s(o) = 5*o**2 + 2*o - 2. Let p = -7 - -9. Let m be s(p). Let x be 2/4 - (-3861)/m. Calculate the greatest common divisor of x and 22.
22
Let d be (-1565)/(-45) + 4/18. Suppose 37 = 9*w - d. Calculate the greatest common divisor of 72 and w.
8
Suppose -4*d - 17 = 2*c - 3*c, -12 = 3*d. Suppose -c = -p + 4. Let t = -176 - -181. Calculate the highest common factor of p and t.
5
Suppose 3*u = -2*i + 40, -6 = -3*u + 2*i + 14. Let q = -6 - -10. Suppose 0 = -2*o + v + 221, -q*v + 2 - 6 = 0. Calculate the greatest common divisor of o and u.
10
Let i be (18 - 12) + (1 - 3). Suppose -i*s + 6 = -2. Calculate the greatest common divisor of s and 10.
2
Suppose 2*b = j - 18, 20 = 4*j - 2*b - 58. Suppose 5*y + f + 5 = 42, 4*y - 4*f = j. What is the greatest common divisor of 21 and y?
7
Let r = -41 + 38. Let d be (-2 - r - -1) + -24. Let q be 0/(-6) - d/2. Calculate the highest common divisor of q and 33.
11
Let l(m) = 9*m**2 + m + 2. Let k be l(-1). Suppose 5*y = -k, 4*y + 8 = 3*s + 2*s. Let z be s + (-9)/1*-30. What is the greatest common divisor of 30 and z?
30
Suppose 195 = k - 5*u, -5*u + 975 = -k + 6*k. Let g = 357 - k. Let m be 16/(-1656)*-23